 11 and u?
1
Let j(k) = -24*k + 380. Let i be j(15). Suppose 3*z + 2*f = 544, -4*f = -2*z - f + 354. Calculate the greatest common factor of z and i.
20
Let a(f) = -f**3 - 3*f**2 + 2*f - 1. Let j be a(-4). Suppose -5*u + 30 = v, -j = 2*v + 4*u - 67. Calculate the highest common divisor of 10 and v.
10
Suppose 5*f + 61 = -84. Let i = f + 54. What is the highest common factor of i and 10?
5
Let f be 5/5 + (-2)/(-1). Suppose 0*i - 84 = -2*i - a, -5*i + 212 = f*a. What is the greatest common factor of 5 and i?
5
Suppose -2 = -2*s + 22. What is the greatest common factor of 12 and s?
12
Let l be 14 + 2 + -2 + 3. Suppose 0*h = h - l. Calculate the greatest common divisor of h and 17.
17
Let n be 1806/4*4/6. Suppose 2*p - 204 = -5*g, n = 5*g - p + 103. Calculate the greatest common factor of g and 10.
10
Let r be -5 - (3 - (72 - -5)). Calculate the greatest common divisor of 23 and r.
23
Suppose -5*m - 5 + 175 = 5*x, 0 = -4*x + 5*m + 127. Let h = x + -19. What is the highest common divisor of h and 35?
7
Suppose 4*d - 50 - 38 = 0. What is the greatest common divisor of 198 and d?
22
Let l be 29/3 - 10/15. What is the highest common divisor of l and 9?
9
Suppose 4*p + 16 = 0, 8 = g + 2*g + 4*p. Let q be 54/g*(8 + -4). What is the greatest common factor of q and 3?
3
Let t(a) = -a - 5. Let l be t(-10). Suppose -5*c - 3*d + 3 = -8, 0 = -2*c - l*d + 12. Let w be 2 + 33/c + 0. What is the highest common divisor of 14 and w?
7
Let b(g) = 12*g**2 + 2*g + 1. Let r be b(-1). Let y be -2*1 - r/(-1). Let k be (6/4*-6)/(-1). What is the highest common divisor of y and k?
9
Let d be (1 - -2)/(3/9). Let m(p) = p**3 - 3*p**2 + 7*p - 3. Let j be m(3). What is the greatest common factor of j and d?
9
Let k be 4/(-6) - (-151)/(-3). Let h(r) = -4*r**2 + 5*r + 2. Let s be h(-5). Let g = k - s. Calculate the greatest common divisor of g and 9.
9
Let m(c) = -23*c - 10. Let z be m(5). Let i be ((-16)/20)/(1/z). What is the highest common factor of i and 40?
20
Let j(r) = r + 44. Let g be j(-9). What is the highest common factor of g and 245?
35
Let o(t) = 4*t**3 - 3*t**2 - 2*t + 2. Let b be o(3). Let a(j) = j**3 - 6*j**2 + 5*j + 7. Let m be a(5). What is the greatest common divisor of m and b?
7
Let a = 162 - 84. Calculate the highest common factor of a and 26.
26
Let b(q) = -q**2 + 10*q + 7. Let w be b(5). What is the greatest common factor of 16 and w?
16
Suppose 14 = 2*j - w, 2*w - 3*w = -5*j + 29. Suppose 4*a + 37 = -0*c + c, -4*c + j*a = -104. What is the highest common factor of c and 147?
21
Suppose v = -2*v + a + 19, -3*a + 13 = v. Calculate the highest common divisor of v and 77.
7
Suppose 0 = -4*l + 633 - 93. What is the greatest common divisor of l and 45?
45
Suppose 5*o - o = 2*b - 100, 2*b + 4*o - 60 = 0. Let f(z) = z**3 - z**2 + 2*z. Let w be f(2). What is the greatest common divisor of w and b?
8
Let k = 72 + -30. What is the highest common divisor of 6 and k?
6
Let o(j) be the second derivative of j**4/12 - 2*j**3/3 + 3*j**2/2 + 3*j. Let q be o(6). What is the highest common divisor of 60 and q?
15
Let f = 743 + -355. Suppose 0 = -4*t - x + 5*x + f, -5*x = -10. Suppose -3*j + 3*o + 8 = -2*o, 4*j - 5*o = 19. What is the greatest common divisor of j and t?
11
Let i(f) = -2*f - 7. Let p be i(-5). Suppose 0 = -p*k - 0*k + 9. What is the highest common divisor of k and 24?
3
Let j(u) be the second derivative of -2*u + 1/6*u**3 + 1/3*u**4 + 2*u**2 + 1/20*u**5 + 0. Let c be j(-3). Calculate the highest common factor of c and 30.
10
Let s be (-1)/(-2) + (-12)/(-8). Let f be (24 - -2) + s/(-1). What is the highest common divisor of f and 12?
12
Suppose 4*m - 6 = -2*o + o, 30 = 5*o - 2*m. Let y be 0 - 10/(-3)*o. Let f = 73 - 43. Calculate the highest common divisor of y and f.
10
Let b(f) = 29*f**2 - 2*f - 1. Let l be b(-1). What is the greatest common divisor of l and 20?
10
Suppose -5*b = -2*b + 3, 4*m - 35 = 3*b. Calculate the highest common divisor of m and 24.
8
Suppose 37 = 4*q - 2*m - m, q = 3*m + 7. Let h be ((-15)/(-2))/(2/8). What is the greatest common factor of h and q?
10
Suppose -11*v + 15*v - 240 = 0. Calculate the greatest common factor of 24 and v.
12
Let k(s) = 104*s**3 + s. Let w be k(1). What is the highest common divisor of 35 and w?
35
Let h be ((-132)/55)/((-1)/45). Calculate the greatest common divisor of h and 72.
36
Let i = 43 - 30. Calculate the highest common divisor of i and 104.
13
Let o = 3 - 3. Let q be 3 - ((1 - 3) + o). Suppose 4*p + 3*h = 10, q*p - 24 = 2*h - 0*h. Calculate the highest common factor of 4 and p.
4
Let l(r) = -2*r + 22. Let p be l(7). What is the highest common factor of p and 8?
8
Let t(y) = 365*y - 1. Let u be t(1). Suppose n = -3*n + u. Calculate the greatest common divisor of n and 13.
13
Let q be (12/(-5))/((-6)/(-40)). Let s = 32 + q. Calculate the highest common factor of 144 and s.
16
Suppose 2*g - 3*d + 2 = 0, 6 = g + 3*g - d. Let h = g - -1. Calculate the greatest common factor of 9 and h.
3
Let q = 26 + -10. Let u be 0 + 1/((-3)/(-432)). What is the highest common divisor of q and u?
16
Let v(c) = -10*c + 10. Let t be v(-3). What is the greatest common divisor of t and 20?
20
Let g(f) = -2*f - 9. Let j be g(-6). Let x(w) = w**j + w**3 - 3*w**2 - 2*w + 4 - 4 - 4. Let y be x(3). Calculate the highest common divisor of y and 153.
17
Let p = -6 + 19. Let z = 4 + 9. Calculate the highest common factor of p and z.
13
Let m = 29 + -1. Calculate the greatest common divisor of 8 and m.
4
Let o(s) = -s**3 + 5*s**2 + 6*s + 6. Let l be o(6). Let u = -136 + 280. Suppose u = -g + 4*g. Calculate the greatest common divisor of g and l.
6
Let c(x) = 4*x + 8. Let m(z) = -z - 1. Let h(o) = c(o) + 6*m(o). Let a be h(-4). Calculate the greatest common factor of 80 and a.
10
Let k(x) = -x**2 - 21*x - 4. Let l be k(-9). What is the greatest common factor of 13 and l?
13
Let n = 5 + 7. Suppose 2*i + n = 4*i. What is the highest common divisor of i and 2?
2
Let c be ((-4)/5)/(12/(-30)). Let q be (17/(-4))/(c/(-64)). What is the highest common factor of q and 17?
17
Suppose 3*f + 55 = 5*v, -4*v = -2*v - f - 21. Let m be (7/(-21))/((-3)/288). What is the highest common divisor of v and m?
8
Let u(q) = q**2 + 8*q - 12. Let i be u(-10). What is the highest common factor of i and 8?
8
Let g be (-2)/(-4) + (-6)/12. Suppose 2*c - 21 - 1 = g. Calculate the greatest common factor of 55 and c.
11
Suppose -32*r + 27*r + 10 = 0. Calculate the greatest common factor of 14 and r.
2
Suppose 133 = 5*u + 3*l, 2*l + 2*l - 13 = -u. What is the greatest common divisor of u and 232?
29
Let q(u) = 132*u**2 - 2*u. Let x be q(-1). Suppose x + 137 = 3*f - l, -5 = -l. What is the highest common divisor of f and 23?
23
Let k(p) = 2*p - 3. Let o be k(6). Let w be 1/(-7) + 52/(-28). Let y be 3*21*(3 + w). Calculate the greatest common factor of y and o.
9
Let k be 4/2 - (-4 - 2). Let z = k - 4. Suppose -u = 4*q - 12, -z*q = 5*u - 0*q - 60. What is the greatest common factor of 4 and u?
4
Suppose 137 = 4*q - 227. Let j(z) = -z - 1. Let t(p) = -2*p + 5. Let n(f) = -2*j(f) - t(f). Let v be n(4). Calculate the greatest common divisor of v and q.
13
Suppose -6*o = -315 - 93. What is the highest common divisor of 170 and o?
34
Suppose -5 = -f - 4*g, -3*f + 5*g - 22 = -5*f. What is the highest common divisor of 3 and f?
3
Let o(r) = -r**3 + 12*r**2 - 4*r - 29. Let i be o(11). Calculate the highest common divisor of 72 and i.
24
Let h(r) = -r**2 - 6*r - 5. Let b be h(-2). Suppose -3 = -b*z - 0*z. Calculate the highest common factor of 8 and z.
1
Let h be -1 - (-3 + (-1)/1). Suppose -3*t = 5*l + 14 - 124, -5*l + 110 = -h*t. What is the highest common divisor of 242 and l?
22
Suppose 0 = k + 2*k - 51. Let l = k + -11. What is the greatest common factor of 9 and l?
3
Let z be -4*2*-4 - 4. Suppose -2*y - z = -6*y. Calculate the greatest common divisor of y and 77.
7
Suppose -42 = f - 4*f. Calculate the greatest common factor of 7 and f.
7
Suppose -2*z = n - 56, -z + 6*z - 5*n = 170. Calculate the highest common divisor of z and 12.
6
Let c be (-17 + 8)/((-6)/32). Calculate the greatest common factor of 6 and c.
6
Suppose -3*s + 3*o - 8*o + 206 = 0, 4*o + 152 = 2*s. Suppose -t + s = t. Calculate the highest common divisor of 12 and t.
12
Let p = -2 + 4. Suppose p*j + 